be 4/20 + (-9)/(-5). Suppose -b = 7*j - g*j - 261, -5*b - 5*j + 1365 = 0. What is the hundreds digit of b?
2
Let z = 242 - -163. Let i = z + -231. What is the hundreds digit of i?
1
Suppose 259*w - 255*w - 3060 = 0. What is the hundreds digit of (-170)/w + 10318/18?
5
Suppose -39*h + 297538 - 30894 = -123746. What is the tens digit of h?
1
What is the hundreds digit of (30205/(-21))/(-5 + (-14)/(-3))?
3
Let w = 14329 + -9893. What is the thousands digit of w?
4
Let t = -469 + 971. Let q = 622 + t. What is the tens digit of q?
2
Let s be -3 - (0 + -8)*(-291)/(-6). Let p = s + -251. What is the tens digit of p?
3
Suppose -642*r + 318*r + 320624 = -295*r. What is the units digit of r?
6
Let y be -1*((-7)/(-3))/(-7)*-87. Let g = y + 32. Suppose -g*q + 6*m - 5*m = -449, -5*q + 735 = 5*m. What is the tens digit of q?
4
Suppose 0 = -4*h + 5*h + 2*g - 7, -5*g = -4*h - 11. What is the tens digit of (255/(-10))/(h/(-24))?
1
Let w(x) = x**2 - x - 2. Let a be w(2). Suppose y + 21 = -a*y. Let k(g) = g**2 + 19*g + 25. What is the units digit of k(y)?
7
Suppose i = 40*i + 5*i - 799700. What is the thousands digit of i?
8
Let k = 8096 - -3814. What is the units digit of k?
0
Let z(l) = -885*l + 1090. Let h(q) = -52*q + 64. Let p(j) = 35*h(j) - 2*z(j). What is the units digit of p(-8)?
0
Suppose -543*h = -533*h - 4610. Suppose 0 = 18*q - 565 - h. What is the tens digit of q?
5
Let u(g) = -g**2 - g. Let o(p) = -p**3 + 4*p**2 - 2*p - 14. Let w(l) = o(l) - 4*u(l). Let a be w(6). Let m = -49 + a. What is the tens digit of m?
2
Let h be 2/(-2)*(5*-1 + 0). Suppose 4*o - o + a - 1218 = 0, -h*o + a + 2022 = 0. What is the hundreds digit of o?
4
Suppose 4*s = -90*g + 93*g + 30205, 2*g = -6. What is the tens digit of s?
4
Let k(t) = -18*t + 238. Let u be k(13). What is the tens digit of 103584/144 - u/3?
1
Suppose -30*h + 9235 = -35*h. Let b = h + 2765. What is the units digit of b?
8
Let w be 3/9 - (-2 + (-195)/9). Let s be (16/w)/(1/69). Let h = s - -6. What is the tens digit of h?
5
Let o(k) = 181*k + 8943. What is the thousands digit of o(0)?
8
Let w = 60 - 60. Suppose w = -5*n + 9 + 6. Suppose -5*x - j = -n*j - 697, 544 = 4*x - 5*j. What is the units digit of x?
1
Let r(t) = -207*t + 2614. What is the tens digit of r(-42)?
0
Let s = -9608 - -20476. Suppose 869*y = 880*y - s. What is the units digit of y?
8
Suppose 155*c = 199*c + 3344. Suppose -2*l + 2*i = -394, -220 - 753 = -5*l - i. Let m = c + l. What is the units digit of m?
9
Let x(f) = -2 + 64*f**2 - 4*f - f**3 - 2*f**3 - 67*f**2. Let j be x(-2). Let g = j + 113. What is the hundreds digit of g?
1
Suppose -2*q + 140652 = 66*z - 69*z, -12*q + 843874 = z. What is the hundreds digit of q?
3
Let m(p) = -p + 6 - 5*p + 71*p**2 + 27*p**2 + 45*p**2. What is the hundreds digit of m(2)?
5
Let g be ((-39)/(-6) - -2)/((-3)/306). Let p = -134 - g. What is the tens digit of p?
3
Let k = -980 + 983. Let o = 11 - 6. Suppose -5*h + 265 = o*g, -2*g + 300 = k*g - 2*h. What is the tens digit of g?
5
Suppose -5*k - 2*y - 1492 = -10264, 0 = -3*k + 5*y + 5257. Suppose 4*w = 16, -4*w + k = -28*b + 30*b. What is the units digit of b?
9
Let q be 76*(5/(-4))/(-5). Suppose 0 = 2*l + 3*l + 3*r + q, 5*r = -2*l - 19. Let g(d) = -10*d**3 + 1. What is the units digit of g(l)?
1
Let n(c) = -4*c**3 - 12*c**2 + 11*c + 19. Let m be n(-5). Let u = m - -87. What is the hundreds digit of u?
2
Suppose 4*v + 5*j = 881, 7*v - 2*v + 4*j = 1099. Let k = 211 + v. What is the hundreds digit of k?
4
Let n(x) = -2*x**2 - 8*x + 5. Let u(s) = 2*s**2 + 7*s - 6. Suppose -h + 10 = z + 2, -4*z = -12. Let b(q) = h*u(q) + 4*n(q). What is the units digit of b(5)?
5
Suppose -m + 5 = 2*z - 182, -3*z + m + 288 = 0. What is the tens digit of z/(150/21 - 7)?
6
Suppose -c + 2*n + 2808 = -423, 0 = -2*c - 2*n + 6480. Suppose -8*p + c = -3907. What is the tens digit of p?
9
Suppose a = -4*h + 12361, -5*h + 0*a = 3*a - 15460. What is the thousands digit of h?
3
Let j = 9634 + -3750. What is the tens digit of j?
8
Let r(p) = 17*p**3 + 10*p**2 - 4*p + 33. What is the hundreds digit of r(7)?
3
Let q be (-6)/(-45) - 17/15. Let j be ((-3 + -1)/(-4))/(q/(-12)). Suppose -j*o = -9*o - 453. What is the hundreds digit of o?
1
Let y(c) = c**3 - 3*c - 3. Suppose 0*h + 4*h = -3*p + 12, -3 = -h + 2*p. Let m be y(h). Suppose 6*x = m*x - 279. What is the units digit of x?
1
What is the units digit of (-62610)/(-8)*(-1808)/(-339)?
0
Let s(b) = -3*b**2 + 8*b - 36. Let u(q) = -7*q**2 + 16*q - 77. Let l(v) = -9*s(v) + 4*u(v). What is the units digit of l(-8)?
6
Suppose 0 = -19*p + 22*p - 24. Suppose p*z - 21 = 3. What is the tens digit of (z + -2)*-1 + 24?
2
Let f(u) = -12*u - 19. Let d(z) = -4*z**2 + 24*z - 7. Let t be d(6). What is the units digit of f(t)?
5
Suppose 2*v + 6177 - 6206 = 20715. What is the hundreds digit of v?
3
Suppose 0*l = -4*l - 5*g + 57512, -6*l = -2*g - 86306. What is the tens digit of l?
8
Suppose 0 = -w + 6*w + 100. Let p = 28 + w. What is the units digit of 123/(2 + (-4)/p)?
2
What is the tens digit of ((-696)/(-18))/(137462/34359 + (1 - 5))?
9
Suppose 20 = -9*d + 13*d. Suppose -7 = d*a - 6*a. Suppose -420 = -a*p + 56. What is the tens digit of p?
6
Suppose -2158 - 100009 = -13*l. What is the tens digit of l?
5
Suppose -3*z - 371 - 150 = -4*n, -3*z = -n + 119. Suppose -8*u - 2370 = n. Let l = -63 - u. What is the units digit of l?
0
Suppose 0 = -4*r - 30 + 6. Let m be 1659/r*(3 - 2 - -1). Let u = -366 - m. What is the hundreds digit of u?
1
Suppose -4*x - 8 = -2*g, -4*g + 17 = -2*x + 7. Let w(z) be the second derivative of 9*z**5/20 - z**4/4 + z**3/6 + z**2 + 2*z. What is the units digit of w(g)?
4
Let j = 27520 + -16464. What is the units digit of j?
6
Suppose 23638 = -3*y - 4*w + 72887, 49241 = 3*y + 2*w. What is the ten thousands digit of y?
1
Let t(s) = -s**3 - 4*s**2 - 2. Suppose l + 1 + 2 = 0. Let n be t(l). Let m = 60 - n. What is the tens digit of m?
7
Let s(f) be the first derivative of -f**3/3 - 5*f**2 + 950*f - 70. What is the hundreds digit of s(0)?
9
Suppose 13 = 3*w - 2*w + 5*b, -3*w - 2*b = -13. Let y(r) = -11 - r**2 - 2*r + 21*r - w*r. What is the units digit of y(7)?
2
Suppose 3*q + 647 = -463. Let z = q + 573. What is the units digit of z?
3
Let a(d) be the third derivative of d**5/60 + 5*d**4/6 - 9*d**3 - 43*d**2. Let p be a(-23). Let n = p - -146. What is the hundreds digit of n?
1
Suppose 42*g = 11479 + 30874 - 101. What is the thousands digit of g?
1
Let f = 33 + -35. Let q(w) = -576*w + 22. What is the units digit of q(f)?
4
Suppose 7332 = 2*s - 2*q, s - 164*q = -162*q + 3664. What is the thousands digit of s?
3
Let v = 4314 - -3395. What is the tens digit of v?
0
Suppose 5*f = -3*h - 8822, -5*h + 24*f - 14692 = 21*f. Let c = -1654 - h. What is the thousands digit of c?
1
Let c be (10/5)/1 - 68. Let d = c + 63. What is the units digit of 1/d - (-1 + 1340/(-15))?
0
Suppose -3*w + 8*s - 1400 = 7*s, 3*s - 945 = 2*w. Let x = w - -811. What is the tens digit of x?
4
Suppose -149*s + 177*s - 205436 = 0. What is the units digit of s?
7
Let k(o) be the first derivative of 14*o**3/3 - 5*o**2/2 - 21*o + 38. What is the hundreds digit of k(7)?
6
Let p = 9 + -5. Suppose 3*u + p = 4*u. Suppose w = 4*n + 104, 0 = -2*w - 0*w - u*n + 208. What is the hundreds digit of w?
1
Suppose 3*m + 0*n = -3*n + 3153, 1066 = m - 2*n. Suppose 5*j = f + m, -27*j + 4*f = -28*j + 207. What is the units digit of j?
1
Let q = -23459 + 47723. What is the ten thousands digit of q?
2
Let a = -781 + 783. Let f(o) = 171*o**3 - 8*o**2 + 10*o - 7. What is the units digit of f(a)?
9
Suppose -12*h + 9*h - 2*m = -1, 4*h + 4*m = 0. What is the units digit of 90 - -906 - -1*h?
7
Suppose -i - 5*n + 18 = 2*i, 2*i + n = 19. Suppose 2350 = 2*z + 3*z. Suppose 16*g = i*g + z. What is the tens digit of g?
9
What is the ten thousands digit of (2408/10)/(-3*14/(-4305))?
2
Let c(q) = -404*q + 25. Let m be c(0). Let s(p) = 16 + 12*p - 74 - 3*p. What is the hundreds digit of s(m)?
1
Let j = -40 + 40. Suppose 2*k + 2 = 0, 4*k + j - 2 = 3*a. Let r(d) = 25*d**2 - 3*d - 2. What is the tens digit of r(a)?
0
What is the units digit of ((-15)/(-10)*-2 - -2) + 10379?
8
Suppose 33*c - 15*c = 85878. What is the hundreds digit of c?
7
Suppose -5*x = 5*y, 2*y + 2 = x - 10. Suppose -x*a = -30*a + 16978. What is t